{"id":13,"date":"2013-05-16T19:40:50","date_gmt":"2013-05-16T18:40:50","guid":{"rendered":"http:\/\/www.tir-sportif-mandallaz.com\/?page_id=13"},"modified":"2026-01-20T12:10:56","modified_gmt":"2026-01-20T11:10:56","slug":"tarif-horaires","status":"publish","type":"page","link":"https:\/\/www.tir-sportif-mandallaz.com\/?page_id=13","title":{"rendered":"Horaires et tarifs"},"content":{"rendered":"<p style=\"text-align: center;\"><span style=\"color: #000000;\"><strong>Horaires d&rsquo;ouverture\u00a0<\/strong>:<\/span><span style=\"color: #ff0000;\"><span style=\"color: #ff0000;\"><span style=\"color: #339966;\"><br \/>\n<\/span><span style=\"color: #000000;\">Mercredi apr\u00e8s-midi de<strong> 14h<\/strong> \u00e0 <strong>17h30<\/strong><\/span> <span style=\"color: #333333;\"><em>(17h de mi-novembre \u00e0 mi-f\u00e9vrier)<\/em><\/span><br \/>\n<span style=\"color: #000000;\"> Samedi apr\u00e8s-midi de <strong>14h<\/strong> \u00e0 <strong>17h30<\/strong><\/span> <span style=\"color: #333333;\"><em>(17h de mi-novembre \u00e0 mi-f\u00e9vrier)<\/em><\/span><br \/>\n<span style=\"color: #000000;\">Dimanche matin de <strong>9h<\/strong> \u00e0 <strong>11h30<\/strong><\/span><\/span><\/span><\/p>\n<p>&nbsp;<\/p>\n<p style=\"text-align: center;\"><span style=\"color: #ff0000;\"><strong>&gt; Le stand est r\u00e9serv\u00e9\u00a0\u00e0 la police tous les mardis et vendredis<br \/>\n&gt; Le stand est ferm\u00e9 les jours f\u00e9ri\u00e9s ET les jours de f\u00eates\u00a0ainsi que pour la f\u00eates des M\u00e8res<br \/>\n<\/strong><\/span><\/p>\n<p style=\"text-align: center;\"><span style=\"color: #339966;\"><span style=\"color: #000000;\"><strong>Tarifs\u00a0:<\/strong><\/span><br \/>\n<\/span>Licence adulte :\u00a0 <span style=\"color: #000000;\"><strong>210<\/strong><strong>\u00a0\u20ac<br \/>\n<\/strong><\/span>Licence jeune (jusqu&rsquo;\u00e0 20 ans) :<span style=\"color: #000000;\"><strong> 120 \u20ac<\/strong><\/span><br \/>\n2\u00e8me club :<span style=\"color: #000000;\"><strong> 120 \u20ac<\/strong><\/span><br \/>\nDroit d&rsquo;entr\u00e9e adulte :<span style=\"color: #000000;\"><strong> 120 \u20ac<\/strong><\/span><strong><br \/>\n<\/strong>Droit d&rsquo;entr\u00e9e jeune : <strong>12<\/strong><span style=\"color: #000000;\"><strong>0 \u20ac<\/strong><\/span><\/p>\n","protected":false},"excerpt":{"rendered":"<p>Horaires d&rsquo;ouverture\u00a0: Mercredi apr\u00e8s-midi de 14h \u00e0 17h30 (17h de mi-novembre \u00e0 mi-f\u00e9vrier) Samedi apr\u00e8s-midi de 14h \u00e0 17h30 (17h de mi-novembre \u00e0 mi-f\u00e9vrier) Dimanche matin de 9h \u00e0 11h30&#8230; <span class=\"more-link\"><a href=\"https:\/\/www.tir-sportif-mandallaz.com\/?page_id=13\">Read More<\/a><\/span><\/p>\n","protected":false},"author":1,"featured_media":0,"parent":6,"menu_order":2,"comment_status":"closed","ping_status":"open","template":"","meta":[],"_links":{"self":[{"href":"https:\/\/www.tir-sportif-mandallaz.com\/index.php?rest_route=\/wp\/v2\/pages\/13"}],"collection":[{"href":"https:\/\/www.tir-sportif-mandallaz.com\/index.php?rest_route=\/wp\/v2\/pages"}],"about":[{"href":"https:\/\/www.tir-sportif-mandallaz.com\/index.php?rest_route=\/wp\/v2\/types\/page"}],"author":[{"embeddable":true,"href":"https:\/\/www.tir-sportif-mandallaz.com\/index.php?rest_route=\/wp\/v2\/users\/1"}],"replies":[{"embeddable":true,"href":"https:\/\/www.tir-sportif-mandallaz.com\/index.php?rest_route=%2Fwp%2Fv2%2Fcomments&post=13"}],"version-history":[{"count":69,"href":"https:\/\/www.tir-sportif-mandallaz.com\/index.php?rest_route=\/wp\/v2\/pages\/13\/revisions"}],"predecessor-version":[{"id":2985,"href":"https:\/\/www.tir-sportif-mandallaz.com\/index.php?rest_route=\/wp\/v2\/pages\/13\/revisions\/2985"}],"up":[{"embeddable":true,"href":"https:\/\/www.tir-sportif-mandallaz.com\/index.php?rest_route=\/wp\/v2\/pages\/6"}],"wp:attachment":[{"href":"https:\/\/www.tir-sportif-mandallaz.com\/index.php?rest_route=%2Fwp%2Fv2%2Fmedia&parent=13"}],"curies":[{"name":"wp","href":"https:\/\/api.w.org\/{rel}","templated":true}]}}