{"id":2933,"date":"2022-08-22T09:33:50","date_gmt":"2022-08-22T08:33:50","guid":{"rendered":"https:\/\/www.tir-sportif-mandallaz.com\/?page_id=2933"},"modified":"2026-01-02T12:04:49","modified_gmt":"2026-01-02T11:04:49","slug":"permanences-2","status":"publish","type":"page","link":"https:\/\/www.tir-sportif-mandallaz.com\/?page_id=2933","title":{"rendered":"Permanences"},"content":{"rendered":"<div class=\"members-access-error\">Seuls les permanents s\u00e9curit\u00e9 sont autoris\u00e9s.<\/p>\n<p>Merci de vous connecter via la page \u00ab\u00a0R\u00e9servations\u00a0\u00bb pour acc\u00e9der \u00e0 cette page.<\/p><\/div>\n","protected":false},"excerpt":{"rendered":"<div class=\"members-access-error\">Seuls les permanents s\u00e9curit\u00e9 sont autoris\u00e9s.<\/p>\n<p>Merci de vous connecter via la page \u00ab\u00a0R\u00e9servations\u00a0\u00bb pour acc\u00e9der \u00e0 cette page.<\/p><\/div>\n","protected":false},"author":1,"featured_media":0,"parent":1658,"menu_order":4,"comment_status":"closed","ping_status":"closed","template":"","meta":[],"_links":{"self":[{"href":"https:\/\/www.tir-sportif-mandallaz.com\/index.php?rest_route=\/wp\/v2\/pages\/2933"}],"collection":[{"href":"https:\/\/www.tir-sportif-mandallaz.com\/index.php?rest_route=\/wp\/v2\/pages"}],"about":[{"href":"https:\/\/www.tir-sportif-mandallaz.com\/index.php?rest_route=\/wp\/v2\/types\/page"}],"author":[{"embeddable":true,"href":"https:\/\/www.tir-sportif-mandallaz.com\/index.php?rest_route=\/wp\/v2\/users\/1"}],"replies":[{"embeddable":true,"href":"https:\/\/www.tir-sportif-mandallaz.com\/index.php?rest_route=%2Fwp%2Fv2%2Fcomments&post=2933"}],"version-history":[{"count":8,"href":"https:\/\/www.tir-sportif-mandallaz.com\/index.php?rest_route=\/wp\/v2\/pages\/2933\/revisions"}],"predecessor-version":[{"id":2975,"href":"https:\/\/www.tir-sportif-mandallaz.com\/index.php?rest_route=\/wp\/v2\/pages\/2933\/revisions\/2975"}],"up":[{"embeddable":true,"href":"https:\/\/www.tir-sportif-mandallaz.com\/index.php?rest_route=\/wp\/v2\/pages\/1658"}],"wp:attachment":[{"href":"https:\/\/www.tir-sportif-mandallaz.com\/index.php?rest_route=%2Fwp%2Fv2%2Fmedia&parent=2933"}],"curies":[{"name":"wp","href":"https:\/\/api.w.org\/{rel}","templated":true}]}}